Is 42508320 a multiple of 57?
True
Is 4054449911 a multiple of 10?
False
Is 11648486 a multiple of 202?
False
Is 28 a factor of 412671227?
False
Is 150523200 a multiple of 72?
True
Does 15 divide 9459214?
False
Does 124 divide 9646377?
False
Is 7634245 a multiple of 2?
False
Is 35021160 a multiple of 1620?
True
Is 9827 a factor of 95783769?
True
Does 46 divide 392056792?
False
Does 572 divide 24870010?
False
Does 115 divide 198345790?
True
Is 256 a factor of 19787667?
False
Is 9 a factor of 8557570995?
False
Does 2 divide 33582735?
False
Is 17 a factor of 262524619?
False
Does 66 divide 7737444?
True
Does 1738 divide 58600047?
False
Does 56 divide 534296?
True
Does 944 divide 356089161?
False
Is 524845488 a multiple of 5389?
True
Is 53 a factor of 3814694?
False
Does 192 divide 684765551?
False
Is 7 a factor of 89239892?
True
Is 10 a factor of 9155220?
True
Does 19 divide 84028010?
False
Is 7 a factor of 25389126?
True
Does 1359 divide 2201580?
True
Is 4450 a factor of 1176936000?
True
Is 8306 a factor of 7893001239?
False
Is 875 a factor of 168282515?
False
Does 2128 divide 288073412?
False
Does 2534 divide 470239448?
True
Is 8 a factor of 10028048?
True
Is 365023624 a multiple of 207?
False
Does 262 divide 2483772098?
False
Does 214 divide 411769598?
True
Does 987 divide 749925561?
True
Is 8 a factor of 2244270664?
True
Is 1473 a factor of 117772698?
False
Is 43 a factor of 393278?
True
Is 330 a factor of 46821720?
True
Is 174 a factor of 94114300?
False
Does 16 divide 268531808?
True
Is 2436 a factor of 2235972732?
True
Is 6216874014 a multiple of 962?
True
Is 359 a factor of 30679063?
True
Is 170724435 a multiple of 35?
True
Does 163 divide 2612600287?
False
Is 19373073 a multiple of 87?
True
Is 54 a factor of 3341679?
False
Is 1749251486 a multiple of 15?
False
Is 9 a factor of 4592025?
True
Is 90 a factor of 111192390?
True
Does 21 divide 559768629?
True
Is 1241600 a multiple of 5?
True
Is 785 a factor of 6162250?
True
Does 7 divide 458154407?
False
Is 96015591 a multiple of 2019?
False
Does 263 divide 3082838?
False
Is 1096824436 a multiple of 58?
False
Does 360 divide 30449160?
True
Is 2076 a factor of 3012615724?
False
Is 6484 a factor of 2778564916?
False
Does 18 divide 17505347?
False
Is 11 a factor of 793711908?
True
Does 19 divide 57463201?
True
Is 5 a factor of 454721910?
True
Is 138 a factor of 19860684?
True
Is 94 a factor of 969231957?
False
Is 103 a factor of 205750534?
True
Does 969 divide 1259729070?
True
Is 25264299 a multiple of 1333?
False
Does 16 divide 491184224?
True
Does 78 divide 3794393?
False
Does 330 divide 327594630?
True
Is 10421358 a multiple of 50?
False
Does 1023 divide 13696947?
True
Does 1904 divide 93008496?
True
Does 75 divide 281138124?
False
Does 11 divide 16221987?
False
Is 226665871 a multiple of 7?
False
Is 153 a factor of 232524?
False
Is 385 a factor of 52242575?
True
Does 46 divide 742537658?
True
Does 10 divide 93895623?
False
Does 5 divide 3800820?
True
Is 143 a factor of 151213447?
False
Is 523 a factor of 249184003?
False
Is 404712000 a multiple of 385?
True
Does 144 divide 890890704?
True
Is 1387 a factor of 95340993?
True
Does 204 divide 108291892?
False
Does 140 divide 514741660?
False
Is 11 a factor of 19998517?
True
Is 32088783 a multiple of 8?
False
Does 48 divide 47494176?
True
Is 1559 a factor of 4736443111?
True
Does 11 divide 19731899?
True
Is 31 a factor of 42840419?
True
Is 178525984 a multiple of 28?
True
Is 202419232 a multiple of 86?
True
Is 109407301 a multiple of 738?
False
Does 4 divide 574757362?
False
Is 130851000 a multiple of 20?
True
Is 508 a factor of 369714780?
True
Is 23722678 a multiple of 19?
True
Is 1956 a factor of 367917645?
False
Is 261 a factor of 8983098?
True
Does 17 divide 108172972?
True
Is 224 a factor of 44507456?
True
Is 3755850 a multiple of 14?
True
Is 280 a factor of 751711520?
True
Is 21 a factor of 218814271?
False
Is 14588905 a multiple of 39?
False
Is 873719565 a multiple of 393?
True
Is 1117 a factor of 445929857?
True
Is 2214 a factor of 98472078?
True
Is 742 a factor of 74116154?
True
Is 4030 a factor of 715260203?
False
Is 20 a factor of 649717220?
True
Does 13 divide 279469021?
True
Is 166794967 a multiple of 6?
False
Is 3052367549 a multiple of 14?
False
Is 161 a factor of 42860833?
False
Is 10 a factor of 69309020?
True
Is 2216734685 a multiple of 6010?
False
Is 142036260 a multiple of 81?
False
Does 346 divide 1859742042?
True
Is 1461771164 a multiple of 53?
True
Is 15 a factor of 70955857?
False
Is 7238590 a multiple of 10?
True
Is 491869061 a multiple of 53?
False
Is 4400284 a multiple of 9?
False
Does 64 divide 308648320?
True
Is 1159 a factor of 20119081?
True
Is 829 a factor of 141866361?
False
Is 1505 a factor of 442786050?
True
Does 2558 divide 47381096?
False
Does 2736 divide 471877920?
True
Is 16 a factor of 67899520?
True
Is 14 a factor of 8691077247?
False
Is 54419437 a multiple of 4?
False
Is 388490515 a multiple of 31?
False
Is 1292880342 a multiple of 359?
True
Does 112 divide 113034527?
False
Is 25463396 a multiple of 4?
True
Does 358 divide 1353857192?
True
Is 2145 a factor of 43507035?
True
Does 980 divide 153466040?
True
Is 883 a factor of 345122163?
False
Is 360128768 a multiple of 43?
False
Is 186 a factor of 2610510?
True
Does 7 divide 240174942?
True
Is 12789432 a multiple of 311?
False
Does 249 divide 40502340?
True
Is 66530331 a multiple of 599?
True
Is 7 a factor of 1498549088?
False
Is 68291040 a multiple of 48?
True
Is 2431 a factor of 5423079662?
True
Is 20 a factor of 128242093?
False
Is 38218873 a multiple of 10?
False
Is 5 a factor of 3490086?
False
Does 229 divide 211840801?
True
Is 258902068 a multiple of 242?
False
Is 13310136 a multiple of 252?
True
Is 296257571 a multiple of 35?
False
Is 1143299424 a multiple of 291?
True
Is 563 a factor of 812656112?
False
Does 12 divide 47162424?
True
Is 8 a factor of 318999688?
True
Is 46 a factor of 1932885?
False
Is 14534240 a multiple of 140?
True
Does 4927 divide 739030194?
False
Does 836 divide 10680835?
False
Is 92040 a multiple of 59?
True
Is 6 a factor of 279408306?
True
Is 136 a factor of 1503888?
True
Is 10 a factor of 1575917430?
True
Does 363 divide 228347206?
False
Is 64640094 a multiple of 86?
True
Is 384156032 a multiple of 32?
True
Is 178068074 a multiple of 105?
False
Is 9968998 a multiple of 143?
False
Is 63 a factor of 1237000330?
False
Is 5559788 a multiple of 105?
False
Does 6342 divide 136302264?
True
Is 129665151 a multiple of 2079?
True
Is 23704345 a multiple of 1730?
False
Does 26 divide 608200938?
False
Is 215 a factor of 1808733079?
False
Is 14 a factor of 209573714?
True
Does 12 divide 71090392?
False
Does 2226 divide 25852875?
False
Does 12 divide 30607248?
True
Is 3338979 a multiple of 1561?
True
Is 156303533 a multiple of 1769?
True
Does 3648 divide 657552479?
False
Is 590 a factor of 22957346?
False
Does 240 divide 653576330?
False
Does 8 divide 9942256?
True
Is 5005 a factor of 550384835?
True
Is 15 a factor of 475113120?
True
Is 608 a factor of 112162624?
True
Does 2010 divide 40676370?
True
Does 4244 divide 13669924?
True
Is 56708439 even?
False
Is 154610410 a multiple of 190?
True
Does 833 divide 2683923501?
True
Is 77515808 a multiple of 113?
False
Is 62775505 a multiple of 13?
True
Is 469197 a multiple of 58?
False
Is 66038922 a multiple of 8?
False
Is 79 a factor of 1802565125?
False
Is 599 a factor of 230613601?
False
Is 343680 a multiple of 20?
True
Is 110 a factor of 96155335?
False
Is 68090793 a multiple of 211?
False
Does 450 divide 127627650?
True
Does 123 divide 854267663?
False
Is 28 a factor of 1756870?
False
Does 214 divide 2609504884?
False
Does 4127 divide 2788264739?
False
Is 1932450702 a multiple of 159?
True
Is 354373074 a multiple of 587?
True
Is 66 a factor of 2174285112?
False
Does 399 divide 94989584?
False
Is 342 a factor of 606769218?
True
Is 46937828 a multiple of 25?
False
Does 61 divide 32319386?
True
Does 103 divide 465938113?
True
Is 30252390 a multiple of 152?
False
Is 11348636 a multiple of 113?
False
Is 32907008 a multiple of 4?
True
Is 16 a factor of 17566832?
True
Does 1004 divide 14911408?
True
Is 6732 a factor of 1197269931?
False
Does 868 divide 55989472?
True
Does 11 divide 131846880?
True